
List the prime factors of 2507.
23, 109
List the prime factors of 8980.
2, 5, 449
What are the prime factors of 170406?
2, 3, 9467
What are the prime factors of 47170?
2, 5, 53, 89
List the prime factors of 6591.
3, 13
List the prime factors of 594.
2, 3, 11
What are the prime factors of 4325?
5, 173
What are the prime factors of 33544?
2, 7, 599
What are the prime factors of 76683?
3, 25561
What are the prime factors of 67605?
3, 5, 4507
What are the prime factors of 575?
5, 23
List the prime factors of 847.
7, 11
What are the prime factors of 1873?
1873
List the prime factors of 10852.
2, 2713
List the prime factors of 3482.
2, 1741
List the prime factors of 159513.
3, 53171
List the prime factors of 789.
3, 263
What are the prime factors of 32956?
2, 7, 11, 107
What are the prime factors of 746?
2, 373
What are the prime factors of 6694?
2, 3347
List the prime factors of 1324.
2, 331
List the prime factors of 7642.
2, 3821
What are the prime factors of 985?
5, 197
List the prime factors of 944.
2, 59
List the prime factors of 47591.
47591
List the prime factors of 40411.
7, 23, 251
What are the prime factors of 3585?
3, 5, 239
List the prime factors of 124.
2, 31
What are the prime factors of 23544?
2, 3, 109
What are the prime factors of 246?
2, 3, 41
List the prime factors of 3806.
2, 11, 173
What are the prime factors of 1860?
2, 3, 5, 31
What are the prime factors of 21946?
2, 10973
List the prime factors of 431.
431
What are the prime factors of 2179?
2179
What are the prime factors of 1984?
2, 31
What are the prime factors of 68674?
2, 34337
What are the prime factors of 1448?
2, 181
List the prime factors of 17781.
3, 5927
What are the prime factors of 4019?
4019
What are the prime factors of 334?
2, 167
What are the prime factors of 16637?
127, 131
What are the prime factors of 2355?
3, 5, 157
What are the prime factors of 7133?
7, 1019
What are the prime factors of 17329?
13, 31, 43
List the prime factors of 2288.
2, 11, 13
What are the prime factors of 4649?
4649
What are the prime factors of 34?
2, 17
List the prime factors of 33407.
11, 3037
What are the prime factors of 7918?
2, 37, 107
What are the prime factors of 2483?
13, 191
What are the prime factors of 384?
2, 3
What are the prime factors of 8129?
11, 739
List the prime factors of 12092.
2, 3023
What are the prime factors of 3185?
5, 7, 13
List the prime factors of 5858.
2, 29, 101
What are the prime factors of 44603?
13, 47, 73
List the prime factors of 69250.
2, 5, 277
List the prime factors of 14895.
3, 5, 331
What are the prime factors of 12188?
2, 11, 277
List the prime factors of 138.
2, 3, 23
List the prime factors of 65269.
65269
List the prime factors of 49060.
2, 5, 11, 223
What are the prime factors of 19447?
19447
What are the prime factors of 347?
347
What are the prime factors of 29366?
2, 14683
What are the prime factors of 990?
2, 3, 5, 11
What are the prime factors of 6794?
2, 43, 79
List the prime factors of 10496.
2, 41
List the prime factors of 9702.
2, 3, 7, 11
What are the prime factors of 11526?
2, 3, 17, 113
What are the prime factors of 15145?
5, 13, 233
List the prime factors of 19789.
7, 11, 257
List the prime factors of 1691.
19, 89
What are the prime factors of 126372?
2, 3, 10531
What are the prime factors of 2543?
2543
List the prime factors of 517.
11, 47
What are the prime factors of 5846?
2, 37, 79
List the prime factors of 429.
3, 11, 13
What are the prime factors of 8166?
2, 3, 1361
List the prime factors of 179.
179
List the prime factors of 73479.
3, 7, 3499
List the prime factors of 3739.
3739
List the prime factors of 60130.
2, 5, 7, 859
List the prime factors of 116322.
2, 3, 19387
What are the prime factors of 8414?
2, 7, 601
What are the prime factors of 24?
2, 3
List the prime factors of 576.
2, 3
List the prime factors of 1103.
1103
List the prime factors of 3191.
3191
List the prime factors of 1253.
7, 179
List the prime factors of 7778.
2, 3889
What are the prime factors of 6413?
11, 53
List the prime factors of 34884.
2, 3, 17, 19
List the prime factors of 13760.
2, 5, 43
What are the prime factors of 71336?
2, 37, 241
List the prime factors of 390.
2, 3, 5, 13
List the prime factors of 438.
2, 3, 73
List the prime factors of 558.
2, 3, 31
What are the prime factors of 4133?
4133
List the prime factors of 121872.
2, 3, 2539
List the prime factors of 18242.
2, 7, 1303
List the prime factors of 1021.
1021
List the prime factors of 295.
5, 59
What are the prime factors of 8?
2
What are the prime factors of 17502?
2, 3, 2917
List the prime factors of 7485.
3, 5, 499
What are the prime factors of 388?
2, 97
What are the prime factors of 13544?
2, 1693
What are the prime factors of 22724?
2, 13, 19, 23
What are the prime factors of 20277?
3, 751
What are the prime factors of 1745?
5, 349
List the prime factors of 12819.
3, 4273
List the prime factors of 2875.
5, 23
What are the prime factors of 1649?
17, 97
What are the prime factors of 3859?
17, 227
What are the prime factors of 1178?
2, 19, 31
What are the prime factors of 7995?
3, 5, 13, 41
List the prime factors of 50700.
2, 3, 5, 13
List the prime factors of 8409.
3, 2803
What are the prime factors of 14849?
31, 479
What are the prime factors of 405?
3, 5
List the prime factors of 82635.
3, 5, 7, 787
What are the prime factors of 9016?
2, 7, 23
What are the prime factors of 943?
23, 41
What are the prime factors of 11273?
11273
What are the prime factors of 679?
7, 97
What are the prime factors of 9135?
3, 5, 7, 29
List the prime factors of 475.
5, 19
What are the prime factors of 1299?
3, 433
List the prime factors of 6306.
2, 3, 1051
List the prime factors of 70483.
7, 10069
List the prime factors of 71512.
2, 7, 1277
List the prime factors of 11824.
2, 739
List the prime factors of 1380.
2, 3, 5, 23
List the prime factors of 86.
2, 43
List the prime factors of 6110.
2, 5, 13, 47
List the prime factors of 2353.
13, 181
List the prime factors of 13599.
3, 1511
What are the prime factors of 35596?
2, 11, 809
List the prime factors of 24849.
3, 11, 251
What are the prime factors of 21283?
21283
What are the prime factors of 1454?
2, 727
What are the prime factors of 21651?
3, 7, 1031
What are the prime factors of 11869?
11, 13, 83
List the prime factors of 7901.
7901
What are the prime factors of 17880?
2, 3, 5, 149
What are the prime factors of 17986?
2, 17, 23
What are the prime factors of 3959?
37, 107
List the prime factors of 186.
2, 3, 31
What are the prime factors of 15543?
3, 11, 157
What are the prime factors of 2388?
2, 3, 199
What are the prime factors of 23566?
2, 11783
What are the prime factors of 646?
2, 17, 19
List the prime factors of 6768.
2, 3, 47
What are the prime factors of 11132?
2, 11, 23
What are the prime factors of 47695?
5, 9539
List the prime factors of 1332.
2, 3, 37
What are the prime factors of 2942?
2, 1471
List the prime factors of 209836.
2, 11, 19, 251
List the prime factors of 10472.
2, 7, 11, 17
What are the prime factors of 36849?
3, 71, 173
List the prime factors of 884.
2, 13, 17
List the prime factors of 688.
2, 43
What are the prime factors of 10540?
2, 5, 17, 31
What are the prime factors of 67930?
2, 5, 6793
What are the prime factors of 4956?
2, 3, 7, 59
What are the prime factors of 654?
2, 3, 109
What are the prime factors of 3166?
2, 1583
List the prime factors of 29476.
2, 7369
What are the prime factors of 4861?
4861
What are the prime factors of 8739?
3, 971
What are the prime factors of 1639?
11, 149
What are the prime factors of 11537?
83, 139
What are the prime factors of 973?
7, 139
What are the prime factors of 6450?
2, 3, 5, 43
List the prime factors of 898.
2, 449
List the prime factors of 5241.
3, 1747
List the prime factors of 83934.
2, 3, 4663
List the prime factors of 42920.
2, 5, 29, 37
What are the prime factors of 1821?
3, 607
List the prime factors of 3235.
5, 647
List the prime factors of 2505.
3, 5, 167
What are the prime factors of 9912?
2, 3, 7, 59
What are the prime factors of 26778?
2, 3, 4463
What are the prime factors of 8711?
31, 281
List the prime factors of 1116.
2, 3, 31
List the prime factors of 21266.
2, 7, 31
List the prime factors of 47986.
2, 23993
List the prime factors of 1702.
2, 23, 